{"id":271,"date":"2018-03-04T18:43:20","date_gmt":"2018-03-04T17:43:20","guid":{"rendered":"http:\/\/compertus.ue.poznan.pl\/?page_id=271"},"modified":"2024-02-19T18:42:25","modified_gmt":"2024-02-19T17:42:25","slug":"kontakt","status":"publish","type":"page","link":"https:\/\/compertus.ue.poznan.pl\/index.php\/kontakt\/","title":{"rendered":"Kontakt"},"content":{"rendered":"<p style=\"text-align: center;\"><img fetchpriority=\"high\" decoding=\"async\" class=\"alignnone size-medium wp-image-380\" src=\"http:\/\/compertus.ue.poznan.pl\/wp-content\/uploads\/2019\/08\/logo-fin-01-300x212.png\" alt=\"\" width=\"300\" height=\"212\" srcset=\"https:\/\/compertus.ue.poznan.pl\/wp-content\/uploads\/2019\/08\/logo-fin-01-300x212.png 300w, https:\/\/compertus.ue.poznan.pl\/wp-content\/uploads\/2019\/08\/logo-fin-01-768x543.png 768w, https:\/\/compertus.ue.poznan.pl\/wp-content\/uploads\/2019\/08\/logo-fin-01.png 1011w\" sizes=\"(max-width: 300px) 100vw, 300px\" \/><\/p>\n<p style=\"text-align: center;\">Uniwersytet Ekonomiczny w Poznaniu<br \/>Katedra Zarz\u0105dzania Strategicznego<br \/>al. Niepodleg\u0142o\u015bci 10<br \/>61-875 Pozna\u0144<\/p>\n<p style=\"text-align: center;\">Napisz do nas!<\/p>\n<p style=\"text-align: center;\"><strong>skn.compertus.uep@gmail.com<\/strong><\/p>\n<p style=\"text-align: center;\">Wi\u0119cej na\u00a0<a href=\"https:\/\/www.facebook.com\/skncompertus\/\">https:\/\/www.facebook.com\/skncompertus\/<\/a><\/p>\n\n\n<p><\/p>\n","protected":false},"excerpt":{"rendered":"<p>Uniwersytet Ekonomiczny w PoznaniuKatedra Zarz\u0105dzania Strategicznegoal. Niepodleg\u0142o\u015bci 1061-875 Pozna\u0144 Napisz do nas! skn.compertus.uep@gmail.com Wi\u0119cej na\u00a0https:\/\/www.facebook.com\/skncompertus\/<\/p>\n","protected":false},"author":1,"featured_media":0,"parent":0,"menu_order":0,"comment_status":"closed","ping_status":"closed","template":"","meta":{"two_page_speed":[],"footnotes":""},"class_list":["post-271","page","type-page","status-publish","hentry","has-meta has-sticky-meta"],"_links":{"self":[{"href":"https:\/\/compertus.ue.poznan.pl\/index.php\/wp-json\/wp\/v2\/pages\/271","targetHints":{"allow":["GET"]}}],"collection":[{"href":"https:\/\/compertus.ue.poznan.pl\/index.php\/wp-json\/wp\/v2\/pages"}],"about":[{"href":"https:\/\/compertus.ue.poznan.pl\/index.php\/wp-json\/wp\/v2\/types\/page"}],"author":[{"embeddable":true,"href":"https:\/\/compertus.ue.poznan.pl\/index.php\/wp-json\/wp\/v2\/users\/1"}],"replies":[{"embeddable":true,"href":"https:\/\/compertus.ue.poznan.pl\/index.php\/wp-json\/wp\/v2\/comments?post=271"}],"version-history":[{"count":14,"href":"https:\/\/compertus.ue.poznan.pl\/index.php\/wp-json\/wp\/v2\/pages\/271\/revisions"}],"predecessor-version":[{"id":912,"href":"https:\/\/compertus.ue.poznan.pl\/index.php\/wp-json\/wp\/v2\/pages\/271\/revisions\/912"}],"wp:attachment":[{"href":"https:\/\/compertus.ue.poznan.pl\/index.php\/wp-json\/wp\/v2\/media?parent=271"}],"curies":[{"name":"wp","href":"https:\/\/api.w.org\/{rel}","templated":true}]}}